1. Let k(t) = -t**3 + 9*t**2 + t - 1. Determine k(y).
8
Let f(u) be the third derivative of -u**4/12 + 17*u**3/6 - 19*u**2. Let d be f(6). Let r(n) = -n**2 + 2*n + 10. Give r(d).
-5
Let a(u) = 4*u**2 - 37*u - 29. Let n = 6086 - 6076. Give a(n).
1
Let a(z) = -27*z**2. Suppose -3*t = 2*t - 20. Suppose -v + 26 = 5*i, t*v - 3*v = i - 4. Calculate a(v).
-27
Let d(k) = -k**2 + 1. Let l(r) = -r**2 - r. Suppose -2*t + 0*t = -14. Suppose -p - t = 4*y, -2*y - 5 = 3*y. Let a(w) = p*d(w) + 4*l(w). Calculate a(-2).
1
Let w be (-4)/(((-42)/63)/(3/18)). Let z(x) = 4*x**3 + 2*x - 1. Calculate z(w).
5
Let t = 30 + -24. Let h(a) = 2*a**2 + 0*a - 3*a + 3 + t*a. Suppose 2*i = 4*s, 3*s - 3 + 6 = 0. Give h(i).
5
Suppose -1 = 10*r - 21. Let t(j) = 21 - 10 - 7 - j**r + 2*j**2 - 9*j. Give t(8).
-4
Let l(i) = i**2 - 3*i - 7. Let d be (-2)/(-3) + (-264)/(-9) + 0. Suppose -26*h - 8 = -d*h. Suppose -4*v - s + 29 = -4*s, -h*s + 19 = 5*v. Give l(v).
3
Let s be (2 - 10/2) + (-6)/((-6)/2). Let g(n) = 14*n**3 - 2*n**2 - 4*n - 2. Give g(s).
-14
Let n(v) = -v + 7. Suppose 3*o = 34 - 4. Suppose -10 = -2*i + o. What is n(i)?
-3
Suppose 0 = -5*a + 35, 5*m - 51*a + 10 = -46*a. Let q(j) = -j**3 + 7*j**2 - 13*j + 20. What is q(m)?
5
Let f(b) be the first derivative of -b**7/840 - 2*b**6/45 + 2*b**5/15 - 7*b**4/8 - 11*b**3/3 + b + 81. Let z(g) be the third derivative of f(g). Give z(-17).
-4
Suppose p - 15 = y, -52*p = -51*p + 4*y. Let a(c) = -2*c + 5. What is a(p)?
-19
Let m(r) = -r**3 - 4*r**2 + 13*r + 18. Let n = 16812 + -16818. What is m(n)?
12
Let u(m) = -m**2 - m - 13. Suppose 0 = -2*o + 4*l + 24, -43*o + 5*l + 30 = -35*o. Determine u(o).
-13
Let s(d) be the second derivative of d**4/6 + 2*d**3/3 + 71*d**2/2 - 130*d. Let i(r) be the first derivative of s(r). What is i(-7)?
-24
Let x(v) = -v**2 - 10*v - 2. Let o = -44 + 66. Let r be (-1346)/o + 4/22. Let g = 51 + r. Give x(g).
-2
Let r(z) be the second derivative of 5*z**3/3 - 57*z**2/2 + 6*z + 370. Determine r(7).
13
Let o(u) be the second derivative of -u**4/6 - 3*u**3 + 6*u**2 - 1281*u. Determine o(-9).
12
Let j = -11 - -9. Let r be j/(-16) + 155/40. Let w(p) = 8*p - r*p - 2 - 2*p + 0*p. Determine w(-2).
-6
Let t(b) be the third derivative of -b**6/120 + b**5/15 - b**4/12 + b**3/6 - 6*b**2 + 2. Let w be 0 + -1 - (-3)/((-3)/(-4)). What is t(w)?
4
Let o(p) = -42*p**2 + 2*p - 1. Let l(y) = -y**3 + 21*y**2 - 25*y + 101. Let g = 956 - 936. Let f be l(g). What is o(f)?
-41
Let d = -52 + 56. Suppose -8*g + d*g + 8 = 0. Suppose -27 = -5*s + 4*y, -g*s = 4*y + 4 + 2. Let l(x) = -5*x + 4. Calculate l(s).
-11
Let d(m) = -6 - 7*m + m**2 - 2*m**2 - 1. Let y be ((-10)/(-35))/((-35)/(-98)) + 57/(-15). Calculate d(y).
5
Let h(y) = -4*y + 2*y - y. Suppose 11 = 5*q - a + 12, -3*a - 16 = 4*q. Let b be (-7 - -2 - q) + 6. What is h(b)?
-6
Suppose -50 - 5 = -5*u. Suppose u*b - 48 = -b. Suppose 3*a + 5*v + 35 = 0, -2*a + 6 = -5*v - b. Let f(o) = o**3 + 6*o**2 + 2*o - 7. What is f(a)?
8
Let i = 14 + -12. Let n(y) = 60*y**2 + y**3 - 2 - 76*y**2 + 14*y**2 + 2*y. What is n(i)?
2
Suppose 0 = -17*q + 69*q - 416. Let o(b) = b**2 - 3*b - 13. Determine o(q).
27
Let t(a) be the third derivative of -a**6/360 - 3*a**5/40 - 29*a**4/24 + 2*a**2 - 101*a. Let l(u) be the second derivative of t(u). What is l(10)?
-29
Let m = -18521 + 18544. Let f(p) be the third derivative of 0 - 1/3*p**3 - 1/24*p**4 + 0*p + m*p**2. Calculate f(-4).
2
Let t(z) = -z**3 - 11*z**2 + 13*z + 23. Let k(b) = -2*b**2 + 193*b - 482. Let p be k(94). Determine t(p).
11
Let v be -3 - 3 - ((-3)/(-12) - (-144)/(-64)). Let o(l) = l**3 + 3*l**2 - 7*l - 15. Give o(v).
-3
Suppose 7 = 12*b - 101. Suppose -5*u = -79 + b. Let f(g) = g**2 - 14*g + 3. Give f(u).
3
Let q(w) = 2*w - 28. Suppose 0 = -23*s + 130 + 215. Suppose -h + s = -0*f + f, -5*h + 4*f = -39. Calculate q(h).
-6
Let i(z) = z**3 - 6*z**2 + 4. Suppose -x + 1 = -27. Let g be (24/x)/(2/(-84)). Let r = -30 - g. Give i(r).
4
Let w(i) be the second derivative of -i**3/6 - 15*i**2/2 - 10*i. Suppose -x = -4*f - 39, 6*x + 39 = -3*f + 10*x. Give w(f).
-6
Let k(f) = -f**2 - 3*f. Let i = 60 + -104. Let z = 47 + i. Suppose 0 = -2*b - 4*o - 24, 7*b = z*b - 4*o - 32. Calculate k(b).
-4
Let f(x) = x**3 - 3*x**2 - x + 2. Let j = -310 - -310. Suppose 18*z - 74 + 20 = j. Determine f(z).
-1
Let z(q) = -951304*q + q**3 - 27*q**2 + 3 + 475631*q + 475648*q. Determine z(28).
87
Let c(x) = x**2 + 580 - 4*x + 4*x - 490 + 8*x - 34*x. Determine c(22).
2
Suppose 3*b = b. Let j = b - -2. Let z(v) be the third derivative of v**4/24 - 2*v**3/3 + 2*v**2 - 5582. What is z(j)?
-2
Let h(y) = 3*y + 2955 - 3027 - y**2 + 4*y**2. Let c(i) = i**2 + i - 24. Let d(u) = -17*c(u) + 6*h(u). What is d(0)?
-24
Let k(g) = -4*g + 8. Suppose 0 = 2*x + q - 867, 3*x - 2*q - 413 = 884. Let u = -427 + x. What is k(u)?
-16
Let m(n) = -3*n**2 - n - 5. Let x be 38/11 + (-768)/(-1408). Give m(x).
-57
Let j(x) be the first derivative of x**4/2 - 3*x**3 - 3*x**2 - 5*x - 3873. What is j(5)?
-10
Let f(p) be the first derivative of -2*p**2 + 84*p - 161. What is f(14)?
28
Let r(t) = -2*t - 4. Let d(w) = 7*w + 1. Let u(v) = 12*v + 2. Let o(b) = -5*d(b) + 3*u(b). Let q(g) = -6*o(g) - 2*r(g). Determine q(4).
-6
Let k(j) = 20*j - 2*j + 2612 + 5*j - 1307 - 1302. Calculate k(7).
164
Let q(b) = -5*b**3 - 20*b**2 - 11*b. Let p(c) = c**3 + c**2 - c - 1. Let w(u) = 4*p(u) + q(u). Let r be w(-15). Let j(v) = -3*v - 9. Calculate j(r).
3
Suppose -62 - 2 = -4*j. Let f be (5 - (0 + 84/j))*8. Let m(i) = -6*i + 4. Calculate m(f).
16
Let f = 125 - 117. Let n(c) = -c**3 + 6*c**2 + 14*c + 18. Let l be n(f). Let p(d) = -2*d - 5*d**2 - l*d + 3 + 4*d**2 + d**3 - 3*d**2. What is p(3)?
-18
Let a(j) = 3. Suppose -7*g + 2*g = -15. Let l(f) = 4. Let v(y) = g*a(y) - 2*l(y). Let x(d) = -2*d + 26. Let q(z) = -44*v(z) + 2*x(z). What is q(6)?
-16
Let j(i) be the second derivative of i**5/30 + 5*i**4/24 + 2*i**3/3 - 75*i**2 - 24*i + 2. Let v(t) be the first derivative of j(t). What is v(-2)?
2
Suppose 5*m = 5 - 5. Suppose -n - n + 230 = m. Let r be n/92 + 30/8. Let x(l) = l + 3. Give x(r).
8
Let g(o) = 16 - 22958*o**2 + 2*o + 22957*o**2 + 9*o. Calculate g(7).
44
Let z(v) = 4*v - 15. Let j(a) = 5*a - 16. Let u(r) = -5*j(r) + 6*z(r). Let g(i) = -294*i + 2347. Let k be g(8). Determine u(k).
-5
Let l(q) = -2*q + 3. Let o = 71 + -67. Suppose j + 16 = -3*k, 5*j - o*k = -k - 8. Determine l(j).
11
Suppose 3*z = -2*s - 1 - 1, 0 = -2*z + 4*s - 28. Let d(q) = -q**3 - 5*q**2 - 2*q + 2. Let u be d(z). Let m(c) = c**3 + 6*c**2 + 2*c - 2. Give m(u).
-14
Let t(n) = 15 + 13 + 205*n - 388*n + 180*n. Determine t(-8).
52
Let o(y) = y**3 - 3*y**2 - y - 1. Suppose -15*u + 21*u + 60 = 0. Let m be 1/2*(16 + 80/u). What is o(m)?
11
Let m be -10 + 10 - 2/(-2)*2. Let n(d) = -14*d + 20*d - m*d - 1 - 20*d + 5. Give n(1).
-12
Suppose -17*v + 16*v - i = 23, -390 = 16*v + 5*i. Let a(g) = g**2 + 34*g + 220. Determine a(v).
-5
Let p(f) = -6*f - 10. Suppose 59*b + 110 + 25 = 32*b. Calculate p(b).
20
Let j be 6/10 - (68/(-20) - -1). Suppose -4*c + 2*o = -50, j*c - 33 = -o - 8. Suppose -7*n - 2 = -c*n - 4*v, 2*v = 3*n + 10. Let d(m) = -6*m - 3. What is d(n)?
9
Let x(f) = -f**2 - 3*f - 4. Let w(h) = -11*h + 370. Let q(g) = -4*g + 86. Let y be q(13). Let t be w(y). Give x(t).
-8
Let g = -10487 + 10489. Let y(j) = -54*j + 3. Give y(g).
-105
Let n(h) be the third derivative of 7*h**5/60 + 7*h**4/24 + 1259*h**2. What is n(-3)?
42
Let u(g) = -1122*g**2 - g + 379*g**2 + 363*g**2 + 364*g**2. What is u(1)?
-17
Let p(t) = 2492 + 37*t - 23*t - 21*t - 2196. Give p(43).
-5
Let q(h) = 28*h - 73. Let p(m) = 69*m - 180. Let z(b) = 5*p(b) - 12*q(b). Calculate z(8).
48
Let k(w) = w**3 - 41*w**2 + 268*w - 127. Let m be k(33). Let y(p) = 2*p + 14. Determine y(m).
24
Let m(a) = -a**3 - 6*a**2 + a - 1. Let z(y) = -2*y**3 + 7*y**2 - 6*y - 3. Let t be z(4). Let k = t + 40. Let x be (-6)/(4/(-12)*k). Calculate m(x).
-7
Let y(p) = 6*p - 2 + 5 + p**2 + 3. Let q = -106755 + 106749. Calculate y(q).
6
Let t(o) be the second derivative of o**5/20 - 2*o**4/3 + o**3 + 4*o**2 - o. Let z be (-5)/(-7) + 4224/672. Give t(z).
1
Let i(b) be the second derivative of 2*b**3/3 - 15*b**2 - 7*b - 50. What is i(12)?
18
Let f(x) = -x**3 + x**2 + 5*x + 3. Let r be f(5). Let h = r + 107. Let u = 40 - h. Let q(j) = j**